mmon divisor of 7308 and 189.
63
Calculate the greatest common divisor of 1072 and 16.
16
Calculate the highest common divisor of 81 and 36.
9
Calculate the highest common factor of 72 and 63.
9
What is the greatest common factor of 390 and 650?
130
What is the greatest common divisor of 85 and 340?
85
What is the highest common factor of 1120 and 2660?
140
What is the highest common factor of 288 and 1584?
144
What is the greatest common factor of 153 and 3842?
17
What is the greatest common divisor of 14 and 28?
14
What is the highest common divisor of 3024 and 392?
56
What is the greatest common factor of 25351 and 1255?
251
What is the greatest common divisor of 20 and 56310?
10
What is the greatest common divisor of 4152 and 24?
24
Calculate the greatest common divisor of 69 and 450.
3
Calculate the highest common divisor of 2192 and 352.
16
Calculate the greatest common factor of 338 and 78.
26
What is the greatest common divisor of 4237 and 1561?
223
Calculate the greatest common factor of 76146 and 222.
222
Calculate the greatest common factor of 1 and 127.
1
Calculate the highest common divisor of 6 and 33.
3
What is the greatest common divisor of 3073 and 7?
7
Calculate the greatest common divisor of 1939 and 7.
7
What is the highest common divisor of 1296 and 768?
48
What is the greatest common divisor of 32 and 188?
4
Calculate the greatest common divisor of 9 and 9.
9
Calculate the highest common factor of 9 and 16.
1
What is the highest common divisor of 12851 and 71?
71
What is the highest common divisor of 16708 and 12?
4
What is the highest common factor of 160 and 112?
16
Calculate the highest common factor of 840 and 640.
40
What is the highest common divisor of 169 and 416?
13
What is the greatest common factor of 160 and 760?
40
What is the highest common divisor of 460 and 12?
4
What is the highest common divisor of 62 and 3968?
62
What is the greatest common factor of 15 and 655?
5
Calculate the highest common factor of 1885 and 3.
1
What is the highest common divisor of 99 and 264?
33
What is the highest common divisor of 2567 and 17?
17
Calculate the highest common factor of 14 and 23576.
14
What is the greatest common factor of 46 and 529?
23
Calculate the greatest common divisor of 285 and 30.
15
Calculate the highest common divisor of 138 and 1288.
46
What is the greatest common factor of 496 and 32?
16
Calculate the greatest common factor of 1428 and 1088.
68
What is the greatest common divisor of 6690 and 210?
30
What is the highest common divisor of 79 and 3?
1
What is the greatest common divisor of 2178 and 54?
18
What is the greatest common divisor of 4539 and 153?
51
What is the highest common factor of 658 and 14?
14
Calculate the highest common factor of 53 and 4.
1
Calculate the highest common factor of 414 and 144.
18
What is the highest common factor of 2500 and 100?
100
Calculate the greatest common factor of 4216 and 136.
136
What is the highest common factor of 91 and 598?
13
What is the highest common divisor of 70 and 970?
10
What is the greatest common divisor of 601 and 4?
1
What is the greatest common factor of 60 and 1428?
12
Calculate the highest common factor of 637 and 2107.
49
What is the greatest common factor of 26 and 69758?
26
Calculate the greatest common factor of 26 and 9.
1
Calculate the greatest common factor of 72 and 2088.
72
Calculate the highest common factor of 49712 and 208.
208
Calculate the greatest common factor of 166 and 2.
2
Calculate the highest common divisor of 40 and 55.
5
What is the greatest common divisor of 129 and 387?
129
Calculate the greatest common divisor of 504 and 24.
24
Calculate the highest common divisor of 308 and 27412.
308
Calculate the greatest common divisor of 297 and 3510.
27
What is the greatest common divisor of 17 and 51?
17
Calculate the highest common factor of 1660 and 420.
20
Calculate the greatest common divisor of 3542 and 28.
14
What is the highest common factor of 123 and 287?
41
Calculate the highest common factor of 40 and 20.
20
What is the highest common factor of 6 and 118?
2
What is the greatest common divisor of 290 and 10?
10
What is the highest common factor of 4256 and 228?
76
Calculate the highest common divisor of 14 and 224.
14
Calculate the highest common factor of 66 and 858.
66
What is the highest common divisor of 164 and 41?
41
What is the greatest common divisor of 1057 and 217?
7
What is the greatest common factor of 96 and 516?
12
What is the greatest common divisor of 23 and 7636?
23
What is the greatest common factor of 53 and 67522?
53
Calculate the highest common factor of 155 and 279.
31
What is the greatest common factor of 818 and 4?
2
What is the greatest common factor of 23 and 92?
23
Calculate the greatest common divisor of 190 and 152.
38
Calculate the highest common divisor of 14 and 5614.
14
Calculate the highest common factor of 7 and 175.
7
What is the greatest common factor of 817 and 215?
43
What is the highest common divisor of 338 and 169?
169
Calculate the greatest common divisor of 305 and 122.
61
Calculate the greatest common factor of 15 and 12585.
15
What is the greatest common divisor of 518 and 5054?
14
What is the greatest common factor of 98 and 28?
14
What is the greatest common factor of 224 and 14?
14
What is the greatest common factor of 24 and 1356?
12
What is the highest common divisor of 238 and 42?
14
What is the highest common divisor of 12 and 192?
12
Calculate the greatest common divisor of 10515 and 75.
15
What is the highest common divisor of 4345 and 1595?
55
What is the highest common factor of 80 and 9480?
40
Calculate the highest common divisor of 75 and 3.
3
What is the highest common divisor of 35 and 5495?
35
What is the greatest common factor of 91 and 39?
13
What is the highest common divisor of 266 and 95?
19
What is the highest common factor of 18 and 5958?
18
Calculate the greatest common factor of 896 and 14.
14
What is the highest common divisor of 11219 and 13?
13
Calculate the highest common factor of 7176 and 24.
24
Calculate the greatest common factor of 40 and 220.
20
Calculate the greatest common divisor of 2057 and 153.
17
Calculate the highest common factor of 2296 and 3608.
328
What is the greatest common divisor of 810 and 50?
10
Calculate the greatest common divisor of 13282 and 58.
58
Calculate the highest common factor of 3550 and 50.
50
Calculate the highest common divisor of 33 and 4213.
11
Calculate the highest common divisor of 189 and 5229.
63
Calculate the highest common divisor of 71 and 5751.
71
Calculate the highest common divisor of 199 and 66665.
199
Calculate the highest common factor of 12192 and 72.
24
What is the greatest common divisor of 7 and 55160?
7
Calculate the greatest common divisor of 241 and 19.
1
What is the greatest common divisor of 20 and 7040?
20
What is the highest common factor of 1146 and 2483?
191
What is the greatest common factor of 144 and 18?
18
Calculate the greatest common factor of 837 and 27.
27
What is the highest common divisor of 126 and 91?
7
What is the highest common factor of 11850 and 30?
30
Calculate the greatest common divisor of 2685 and 15.
15
What is the highest common divisor of 266 and 608?
38
What is the greatest common factor of 248 and 29884?
124
What is the greatest common divisor of 28 and 89068?
28
Calculate the greatest common factor of 24 and 6.
6
Calculate the greatest common divisor of 336 and 72.
24
Calculate the highest common divisor of 68 and 833.
17
What is the greatest common divisor of 17 and 22831?
17
Calculate the highest common divisor of 21802 and 44.
22
Calculate the greatest common divisor of 9 and 10737.
9
Calculate the highest common divisor of 381 and 127.
127
What is the greatest common divisor of 35 and 1645?
35
What is the highest common divisor of 21 and 249?
3
What is the greatest common divisor of 296 and 1554?
74
What is the greatest common factor of 858 and 182?
26
Calculate the greatest common factor of 174 and 29.
29
Calculate the highest common factor of 38 and 304.
38
Calculate the highest common factor of 39 and 9.
3
What is the highest common factor of 65 and 494?
13
Calculate the highest common factor of 25157 and 33.
11
What is the greatest comm